omposite number?
False
Suppose -129 = -3*l + 162. Is l prime?
True
Suppose -21 = -4*c - 221. Let r = 18 + c. Let h = 54 + r. Is h a composite number?
True
Let z(b) = -84*b**3 + 13*b**2 + 34*b - 4. Is z(-5) a composite number?
False
Suppose -9 = 4*d + 3*b, -3*b - 1 = 8. Is (1174 + d)*(-3)/(-6) a prime number?
True
Suppose -5*a - 34 = -89. Suppose 13*s - 628 = a*s. Is s composite?
True
Suppose 3*s + 2*u = 0, 0 = -4*s - u - u. Suppose s = 2*q - 0*q + 28. Let j = 21 - q. Is j composite?
True
Is (18 + -4101)*2/(-6) prime?
True
Let z(j) = 6*j**2 + 1 + 59*j**2 - j + 0*j + 3*j. Let h be -5 + 1 + 0 + 2. Is z(h) prime?
True
Let n(m) = m + 16. Suppose 0 = -2*u + 10, 0 = 4*h + 4*u + 16. Let i be n(h). Let l = i - 0. Is l a composite number?
False
Let x(z) = 115*z**3 + 2*z - 2. Let k be 12/9 + (-3)/9. Is x(k) a composite number?
True
Let a(u) = 4484*u**2 - 12*u - 49. Is a(-3) composite?
False
Let t be (-4)/10 - 396/(-90). Suppose -2*p = -4*x - 26, -3*p + 20 = -3*x - t. Suppose -237 = -j - 4*u, p*j + 4*u - 514 - 229 = 0. Is j prime?
False
Let z(h) = 27*h**2 - 11*h + 2. Let o be z(-10). Let d = -1497 + o. Suppose -2*w - 3*w + d = -5*v, -251 = -w - 2*v. Is w composite?
True
Let j(n) = -n - 2. Let p be j(-10). Suppose p*w - 21*w = -28639. Is w composite?
False
Let t = -1493 - -695. Let q = 1607 + t. Is q a prime number?
True
Let f(p) be the first derivative of 2*p**2 + 17/3*p**3 + 13 + 1/4*p**4 + p. Is f(-15) a composite number?
True
Let r(o) = 0*o + 1 - o + 2*o. Let m be r(4). Suppose 0 = 5*w + 5*g - 216 - 1054, -m*g = 3*w - 764. Is w prime?
False
Suppose -4*v + 14184 + 10268 = 0. Let u = 10410 - v. Is u composite?
False
Let f(w) = -w**3 + 3*w**2 + 8*w + 3. Let b be f(7). Let l = 282 + b. Suppose g - l = 484. Is g composite?
True
Let t = 46837 - 26244. Is t a composite number?
False
Let b = 3204 - 625. Is b a prime number?
True
Suppose 2*l + 0*l + 4*m = 428, 2*m + 610 = 3*l. Suppose 2*u + 683 = k, -k + l = 3*u - 467. Is k a prime number?
False
Let r(x) = 12*x**3 + 7*x**3 - 53*x**2 + 53*x**2 - x. Let a be r(1). Suppose a*t - 526 = 16*t. Is t a composite number?
False
Suppose 112*y = 107*y + 177355. Is y prime?
False
Suppose 5*q - 239665 = -2*p, -4*p - 47933 = -5*q + 4*q. Is q composite?
False
Suppose 9*y = 252 - 225. Let h = 1133 + -727. Suppose -h = -y*r + 1103. Is r a composite number?
False
Let c(t) = 134*t + 30. Let k(m) = 27*m + 6. Let p(r) = 2*c(r) - 11*k(r). Let x be p(-4). Suppose -8*d + x = -3*d. Is d a composite number?
True
Let m = -26 - 219. Let w = m - -762. Is w a prime number?
False
Let y be -1476*(-4)/((-16)/4). Let i = y - -3597. Suppose 0*d + 3*d = i. Is d a prime number?
False
Suppose 1138 = -i + 7975. Suppose -i = 2*m + 6147. Is ((-1)/3)/(4/m) prime?
True
Let c(n) = 11*n**2 - 11*n - 83. Is c(-9) composite?
False
Is 21470/18 + 11/((-396)/(-8)) prime?
True
Suppose -2*r - 2778 = -11518. Let m = 10435 - r. Is m composite?
True
Let y = 2 - 11. Let d = y + 9. Is (-274)/(2/(-7) + d) prime?
False
Let g be 3 + -3 + (4 - 1). Suppose -a + 35 + 3 = 4*j, g*a - 159 = -3*j. Is a composite?
True
Suppose -5*y = 10, 35*y + 26099 = 5*u + 33*y. Is u a composite number?
True
Let o(r) = -4*r + 1. Let a be o(6). Let v = -13 - a. Is v composite?
True
Suppose 7114 = j - 10593. Is j prime?
True
Let o(j) = j**3 - 4*j**2 + 3229. Is o(0) a prime number?
True
Is 1 + 1731/5 + (-76)/380 prime?
True
Let a be (2/3)/((-20)/(-30)). Is (-17 + 16)/(1/(-3272 + a)) a composite number?
False
Let f(r) = 19*r + 7. Let t be 12/(-3*(-1)/2). Is f(t) prime?
False
Let u = 8 + -6. Let z be (1 - 0) + (-4)/u. Is z + 217 - (-6 - -9) a composite number?
True
Let h be (-4)/(-5 - -1)*-13. Is 1*(-614)/4*(-15 - h) a prime number?
True
Let o(w) = 128*w - 5. Let k = 12 + 11. Is o(k) a prime number?
True
Let i(l) = 83*l**3 - 18*l + 50. Is i(3) composite?
False
Suppose -b = -2*w + 6023, 12974 = 5*w - 5*b - 2086. Is w a prime number?
True
Is ((-174)/(-12))/((-3)/(-354)) prime?
False
Suppose 0*p - 5*p + 906 = g, -5*g = -4*p - 4530. Let z = -637 + g. Is z composite?
False
Let b = -30 + 38. Suppose 0 = -12*t + b*t + 5604. Is t composite?
True
Suppose 5*b - 11*b + 1410 = 0. Is b a composite number?
True
Suppose 0 = 6*p - 9*p - 9. Let i be p/(3/(-25))*151. Suppose -2*r = 2*b - 1510, -b + 6*b - 3*r - i = 0. Is b a composite number?
True
Let q be ((-5)/(-3) + 0)*-3. Let k be 8/10*(-5 + q). Let f(x) = 2*x**2 - 11*x + 7. Is f(k) a prime number?
True
Let g(u) = 7*u + 23. Let o be g(-4). Is ((-12612)/(-10))/6 - 4/o a prime number?
True
Let q = -60 + 131. Let g = 116 + q. Is g prime?
False
Let m = 12 - 5. Suppose 0 = -5*w - m - 3. Is (-309)/(-9) + w/(-3) composite?
True
Suppose 3 = -s + 4*s, -3*n + s = -74426. Is n composite?
False
Is (-5)/(-3) - (18 - (-21176)/(-6)) prime?
False
Let n = -29 + 3. Let o = n + 29. Is 234 + (o - (6 - 2)) prime?
True
Suppose -4*j + 2 + 10 = 0. Let k(x) = 44*x**3 + 3*x**2 - 6*x + 4. Is k(j) a prime number?
True
Let f = 4 - 0. Suppose f*q - x = x + 526, -2*q + 261 = -3*x. Suppose -q = -v + o, 0 = -o - 1. Is v a composite number?
False
Let q(h) = -h**3 + 12*h**2 - 13*h + 15. Let d be q(11). Let n(i) = -106*i + 9. Is n(d) composite?
False
Let k = 4105 - 1166. Is k a prime number?
True
Let b = -145 + 60. Let a = 6 - b. Is a composite?
True
Let c be 2/(2 + 0) - -23. Let h be (c/15)/(8/20). Suppose -5 = u, -8 - 2 = r + h*u. Is r a composite number?
True
Suppose -8*c - 2905 - 7143 = 0. Let r = -715 - c. Is r composite?
False
Let y be (-1 + 0 + (-10)/(-5))*1123. Let u = -632 + y. Is u prime?
True
Let s = -3222 + 5999. Is s prime?
True
Let p(u) = -38*u - 177. Is p(-68) a prime number?
False
Is (3/3 - (-6)/(-4))*-10966 a prime number?
True
Suppose 2*o + o + 12 = 0. Let c be (-3758)/12 - o/24. Let u = c - -576. Is u a composite number?
False
Let g(a) be the second derivative of a**4/12 - a**3/6 + 3*a. Let b be g(2). Suppose 3*j - 54 = -2*s, 0*s + 29 = s + b*j. Is s prime?
False
Let p(y) = 219 - 42 + 158 - 2*y. Is p(0) a composite number?
True
Suppose 6*m + 54 = -0*m. Let v = 3 - m. Suppose -5*n - 2*s + 3525 = 0, 0 = -5*s + 13 + v. Is n a prime number?
False
Let o = -14 - -34. Is -3 - ((-922)/(-5))/((-2)/o) a composite number?
True
Let n = 18 - 16. Let w = 1379 + -962. Suppose a = -l - 4*l + w, -5*a = -n*l + 156. Is l composite?
False
Let w(y) = -y**3 - 10*y**2 - 7. Let n be w(-10). Let q = -4 - n. Is (q - 6) + 0 + 956 a composite number?
False
Let d = 16 + -18. Is (-370)/(-2) + (-2 - d) a composite number?
True
Let s = -3 - -2. Let r be (4*s/(-2))/(-1). Is 1631/21 + r/3 prime?
False
Suppose -m + 3 = -3*d - 23, 5 = -5*m. Let s = 12 + d. Suppose 0 = -8*o + s*o + 335. Is o prime?
True
Let d = 1590 - 47. Is d composite?
False
Let k = 324 + -783. Let d = 874 + k. Is d a composite number?
True
Suppose -5*w - 596 = -3*v, -786 = -5*v + v - 2*w. Suppose 0 = 3*f + u + 154, 0 = -3*f + 2*f - 5*u - 42. Let l = v - f. Is l composite?
True
Suppose -m - 6135 + 126070 = 3*q, 3*m - 159910 = -4*q. Is q composite?
False
Suppose 4*u + 3*v - 325 = -u, -4*v = -2*u + 104. Is u a prime number?
False
Suppose 5*q - 307 = -4*g, -3*g = 3*q - 0*q - 183. Let v = q + 323. Is v a prime number?
False
Suppose -2*i + 15 = -1. Suppose 2*v + i = 18. Suppose 4*w = 0, a - 732 = -3*a + v*w. Is a composite?
True
Let j be 3590/(-45) + (-6)/27. Let z = j - -135. Is (4 - (-18)/(-5))*z a prime number?
False
Let v = -14 + 20. Let r be 68/v - (-4)/(-12). Let g = 30 - r. Is g prime?
True
Let r be (-1)/(-4) + 2/((-40)/18805). Let j = 1737 + r. Is j a composite number?
False
Suppose 0 = 4*i + 2*s - 25802, 3*i - 2*s = -5*s + 19356. Is i a composite number?
False
Suppose 173*t - 176*t = -9942. Is t a prime number?
False
Let o(a) = -19 + 65 - 25 - 8*a**2 - 13*a + a**3. Is o(13) a prime number?
False
Suppose 0 = -3*k - 3, 2*k + 1948 = 2*o. Is o prime?
False
Suppose 10*f = 12928 + 24442. Is f composite?
True
Let y = -78 - -83. Suppose -2*b + 0*d + 572 = -5*d, -y*b - 5*d = -1465. Is b prime?
False
Suppose 0 = -4*h + 16, 0 = 4*x + x + 3*h - 3547. Suppose -4*p + 2*s = -560, 2*s - s - x = -5*p. Is p prime?
False
Suppose -c - 427 = -3*i, -4*i + 5*c + 660 - 87 = 0. Is i prime?
False
Let p(t) = -1258*t**3 + 3*t**2 + t - 1. Is p(-1) a composite number?
False
Let w be ((-4)/(-1))/(10/((-20)/(-4))). Suppose 5*o - 30 = -w*n + 31, 3 = o. Is n a composite nu